{"id":17,"date":"2025-10-11T16:35:10","date_gmt":"2025-10-11T16:35:10","guid":{"rendered":"http:\/\/www.slodkoscibabcireni.stronazen.pl\/index.php\/about-us\/"},"modified":"2026-03-20T15:44:28","modified_gmt":"2026-03-20T15:44:28","slug":"about-us","status":"publish","type":"page","link":"https:\/\/www.cukierniatortyciastawalcz.pl\/index.php\/about-us\/","title":{"rendered":"O mnie"},"content":{"rendered":"\n<div class=\"wp-block-columns is-layout-flex wp-container-core-columns-is-layout-9d6595d7 wp-block-columns-is-layout-flex\">\n<div class=\"wp-block-column is-layout-flow wp-block-column-is-layout-flow\" style=\"flex-basis:100%\">\n<figure class=\"wp-block-image size-large\"><img loading=\"lazy\" decoding=\"async\" width=\"539\" height=\"1024\" src=\"http:\/\/www.slodkoscibabcireni.stronazen.pl\/wp-content\/uploads\/2025\/10\/renia-zdjecie-1-539x1024.jpg\" alt=\"\" class=\"wp-image-115\" srcset=\"https:\/\/www.cukierniatortyciastawalcz.pl\/wp-content\/uploads\/2025\/10\/renia-zdjecie-1-539x1024.jpg 539w, https:\/\/www.cukierniatortyciastawalcz.pl\/wp-content\/uploads\/2025\/10\/renia-zdjecie-1-158x300.jpg 158w, https:\/\/www.cukierniatortyciastawalcz.pl\/wp-content\/uploads\/2025\/10\/renia-zdjecie-1-768x1460.jpg 768w, https:\/\/www.cukierniatortyciastawalcz.pl\/wp-content\/uploads\/2025\/10\/renia-zdjecie-1-808x1536.jpg 808w, https:\/\/www.cukierniatortyciastawalcz.pl\/wp-content\/uploads\/2025\/10\/renia-zdjecie-1-600x1141.jpg 600w, https:\/\/www.cukierniatortyciastawalcz.pl\/wp-content\/uploads\/2025\/10\/renia-zdjecie-1.jpg 1077w\" sizes=\"auto, (max-width: 539px) 100vw, 539px\" \/><\/figure>\n<\/div>\n<\/div>\n\n\n\n<p>Czasem w \u017cyciu przychodzi moment,<strong> kiedy serce m\u00f3wi g\u0142o\u015bniej ni\u017c rozs\u0105dek<\/strong>. Tak w\u0142a\u015bnie by\u0142o ze mn\u0105. Po 55 roku \u017cycia postanowi\u0142am<strong> zacz\u0105\u0107 wszystko od nowa<\/strong> &#8211; rzuci\u0142am prac\u0119, kt\u00f3ra mi nie s\u0142u\u017cy\u0142a, by p\u00f3j\u015b\u0107 za tym, co mi w duszy gra\u0142o.<\/p>\n\n\n\n<p><strong>Od zawsze kocha\u0142am piec.<\/strong> Zapach \u015bwie\u017cych dro\u017cd\u017c\u00f3wek, domowych ciast i kruchych ciasteczek towarzyszy\u0142 mi w ka\u017cdej, wa\u017cnej chwili. <strong>A w mojej kuchni zawsze by\u0142o ciep\u0142o.<\/strong><\/p>\n\n\n\n<p>Odwa\u017cy\u0142am si\u0119 i dzi\u015b prowadz\u0119<strong> swoj\u0105 cukiernie<\/strong>. Zaczyna\u0142am od kilku domowych wypiek\u00f3w dla znajomych, a dzi\u015b z dum\u0105 przygotowuj\u0119 <strong>torty i<\/strong> <strong>s\u0142odkie sto\u0142y na wesela, komuni\u0119 i wi\u0119ksze przyj\u0119cia<\/strong>. Staram si\u0119 piec tak, jak bym to robi\u0142a dla swojego m\u0119\u017ca, dzieci i wnuk\u00f3w &#8211;<strong> z mi\u0142o\u015bci\u0105, cierpliwo\u015bci\u0105 i dba\u0142o\u015bci\u0105 o najmniejszy szczeg\u00f3\u0142<\/strong>. Ka\u017cdy kawa\u0142ek ciasta to odrobina mojego <strong>spe\u0142nionego marzenia, odwagi i wiary<\/strong>, \u017ce na spe\u0142nianie siebie nigdy nie jest za p\u00f3\u017ano.<\/p>\n\n\n\n<p><strong>Bo \u017cycie jest jak dobre ciasto &#8211; nabiera smaku wtedy, gdy robi si\u0119 je z sercem<\/strong>.<\/p>\n\n\n\n<figure class=\"wp-block-image size-large\"><img loading=\"lazy\" decoding=\"async\" width=\"1024\" height=\"1024\" src=\"http:\/\/www.slodkoscibabcireni.stronazen.pl\/wp-content\/uploads\/2025\/10\/renia-brz-1024x1024.jpg\" alt=\"\" class=\"wp-image-117\" srcset=\"https:\/\/www.cukierniatortyciastawalcz.pl\/wp-content\/uploads\/2025\/10\/renia-brz-1024x1024.jpg 1024w, https:\/\/www.cukierniatortyciastawalcz.pl\/wp-content\/uploads\/2025\/10\/renia-brz-300x300.jpg 300w, https:\/\/www.cukierniatortyciastawalcz.pl\/wp-content\/uploads\/2025\/10\/renia-brz-150x150.jpg 150w, https:\/\/www.cukierniatortyciastawalcz.pl\/wp-content\/uploads\/2025\/10\/renia-brz-768x768.jpg 768w, https:\/\/www.cukierniatortyciastawalcz.pl\/wp-content\/uploads\/2025\/10\/renia-brz-600x600.jpg 600w, https:\/\/www.cukierniatortyciastawalcz.pl\/wp-content\/uploads\/2025\/10\/renia-brz-100x100.jpg 100w, https:\/\/www.cukierniatortyciastawalcz.pl\/wp-content\/uploads\/2025\/10\/renia-brz.jpg 1536w\" sizes=\"auto, (max-width: 1024px) 100vw, 1024px\" \/><figcaption class=\"wp-element-caption\">Cukiernia Babci Reni, Wa\u0142cz<\/figcaption><\/figure>\n\n\n\n<figure class=\"wp-block-pullquote has-black-color has-white-background-color has-text-color has-background has-link-color has-medium-font-size wp-elements-f3316bdc39be7eaeebf44ef952159058\" style=\"border-width:10px;border-radius:22px\"><blockquote><p>Znajd\u017a prac\u0119, kt\u00f3r\u0105 kochasz, a nie przepracujesz ani jednego dnia w swoim \u017cyciu.<br>H. Jackson Brown Jr<\/p><\/blockquote><\/figure>\n\n\n\n<p><\/p>\n\n\n\n<p class=\"has-medium-font-size\">Moja praca, to moja pasja. Ka\u017cdy dzie\u0144 sp\u0119dzony w cukierni jest fizycznie ci\u0119\u017cki, ale jak\u017ce lekki dla mojego serca.<strong> Kocham to, co robi\u0119<\/strong>.<\/p>\n\n\n\n<p class=\"has-medium-font-size\"> Wszyscy, kt\u00f3rzy mnie znaj\u0105, kt\u00f3rzy kupuj\u0105 ode mnie moje wypieki, wracaj\u0105 po nie i polecaj\u0105 innym &#8211; s\u0105 dla mnie najwi\u0119ksz\u0105 nagrod\u0105. I dzi\u0119ki temu dosta\u0142am jeszcze jedn\u0105 nagrod\u0119 &#8211; <strong> Or\u0142\u00f3w Cukiernictwa 2025 na obr\u0119bie Wa\u0142cza<\/strong> <strong>jako jedna z najlepiej ocenianych cukierni<\/strong>. <\/p>\n\n\n\n<p class=\"has-medium-font-size\">To przeogromne wyr\u00f3\u017cnienie. To dow\u00f3d na to, \u017ce moje wypieki trafiaj\u0105 w Pa\u0144stwa gust, smak, a mo\u017ce i serce. To nagroda od Was. Czuj\u0119 si\u0119 zaszczycona. <strong>Dzi\u0119kuj\u0119.<\/strong><\/p>\n\n\n\n<figure class=\"wp-block-image size-large\"><img loading=\"lazy\" decoding=\"async\" width=\"1024\" height=\"1024\" src=\"https:\/\/www.cukierniatortyciastawalcz.pl\/wp-content\/uploads\/2025\/12\/orly1-1024x1024.jpg\" alt=\"\" class=\"wp-image-405\" srcset=\"https:\/\/www.cukierniatortyciastawalcz.pl\/wp-content\/uploads\/2025\/12\/orly1-1024x1024.jpg 1024w, https:\/\/www.cukierniatortyciastawalcz.pl\/wp-content\/uploads\/2025\/12\/orly1-300x300.jpg 300w, https:\/\/www.cukierniatortyciastawalcz.pl\/wp-content\/uploads\/2025\/12\/orly1-150x150.jpg 150w, https:\/\/www.cukierniatortyciastawalcz.pl\/wp-content\/uploads\/2025\/12\/orly1-768x768.jpg 768w, https:\/\/www.cukierniatortyciastawalcz.pl\/wp-content\/uploads\/2025\/12\/orly1.jpg 1072w\" sizes=\"auto, (max-width: 1024px) 100vw, 1024px\" \/><figcaption class=\"wp-element-caption\">Or\u0142y Cukiernictwa Wa\u0142cz<\/figcaption><\/figure>\n\n\n\n<p>Dzi\u0119kuj\u0119 r\u00f3wnie\u017c za Wasze zaufanie. To kolejne wyr\u00f3\u017cnienie, kt\u00f3re otrzyma\u0142am dzi\u0119ki Wam. Pami\u0119tam chwil\u0119, w kt\u00f3rej otwiera\u0142am swoj\u0105 dzia\u0142alno\u015b\u0107. Nawet nie przypuszcza\u0142am, \u017ce zajd\u0119 tu, gdzie teraz jestem. To by\u0142 ogrom pracy, ale tak\u017ce zw\u0105tpienie &#8211; czy ja naprawd\u0119 dam rad\u0119. <\/p>\n\n\n\n<p>Nagrody od Was pokazuj\u0105, \u017ce jednak to, co robi\u0119 ma sens. Ciesz\u0119 si\u0119, \u017ce przynosz\u0119 rado\u015b\u0107 w Pa\u0144stwa domach, a moje wypieki naprawd\u0119 smakuj\u0105.<\/p>\n\n\n\n<figure class=\"wp-block-image size-large\"><img loading=\"lazy\" decoding=\"async\" width=\"1024\" height=\"1024\" src=\"https:\/\/www.cukierniatortyciastawalcz.pl\/wp-content\/uploads\/2026\/03\/nagr11-1024x1024.jpg\" alt=\"Z\u0142oty Laur Zaufania 2026\" class=\"wp-image-480\" srcset=\"https:\/\/www.cukierniatortyciastawalcz.pl\/wp-content\/uploads\/2026\/03\/nagr11-1024x1024.jpg 1024w, https:\/\/www.cukierniatortyciastawalcz.pl\/wp-content\/uploads\/2026\/03\/nagr11-300x300.jpg 300w, https:\/\/www.cukierniatortyciastawalcz.pl\/wp-content\/uploads\/2026\/03\/nagr11-150x150.jpg 150w, https:\/\/www.cukierniatortyciastawalcz.pl\/wp-content\/uploads\/2026\/03\/nagr11-768x768.jpg 768w, https:\/\/www.cukierniatortyciastawalcz.pl\/wp-content\/uploads\/2026\/03\/nagr11.jpg 1536w\" sizes=\"auto, (max-width: 1024px) 100vw, 1024px\" \/><\/figure>\n","protected":false},"excerpt":{"rendered":"<p>Czasem w \u017cyciu przychodzi moment, kiedy serce m\u00f3wi g\u0142o\u015bniej ni\u017c rozs\u0105dek. Tak w\u0142a\u015bnie by\u0142o ze mn\u0105. Po 55 roku \u017cycia postanowi\u0142am zacz\u0105\u0107 wszystko od nowa &#8211; rzuci\u0142am prac\u0119, kt\u00f3ra mi nie s\u0142u\u017cy\u0142a, by p\u00f3j\u015b\u0107 za tym, co mi w duszy gra\u0142o. Od zawsze kocha\u0142am piec. Zapach \u015bwie\u017cych dro\u017cd\u017c\u00f3wek, domowych ciast i kruchych ciasteczek towarzyszy\u0142 mi [&hellip;]<\/p>\n","protected":false},"author":1,"featured_media":0,"parent":0,"menu_order":0,"comment_status":"closed","ping_status":"closed","template":"","meta":{"footnotes":""},"class_list":["post-17","page","type-page","status-publish","hentry"],"_links":{"self":[{"href":"https:\/\/www.cukierniatortyciastawalcz.pl\/index.php\/wp-json\/wp\/v2\/pages\/17","targetHints":{"allow":["GET"]}}],"collection":[{"href":"https:\/\/www.cukierniatortyciastawalcz.pl\/index.php\/wp-json\/wp\/v2\/pages"}],"about":[{"href":"https:\/\/www.cukierniatortyciastawalcz.pl\/index.php\/wp-json\/wp\/v2\/types\/page"}],"author":[{"embeddable":true,"href":"https:\/\/www.cukierniatortyciastawalcz.pl\/index.php\/wp-json\/wp\/v2\/users\/1"}],"replies":[{"embeddable":true,"href":"https:\/\/www.cukierniatortyciastawalcz.pl\/index.php\/wp-json\/wp\/v2\/comments?post=17"}],"version-history":[{"count":9,"href":"https:\/\/www.cukierniatortyciastawalcz.pl\/index.php\/wp-json\/wp\/v2\/pages\/17\/revisions"}],"predecessor-version":[{"id":481,"href":"https:\/\/www.cukierniatortyciastawalcz.pl\/index.php\/wp-json\/wp\/v2\/pages\/17\/revisions\/481"}],"wp:attachment":[{"href":"https:\/\/www.cukierniatortyciastawalcz.pl\/index.php\/wp-json\/wp\/v2\/media?parent=17"}],"curies":[{"name":"wp","href":"https:\/\/api.w.org\/{rel}","templated":true}]}}